{"id":9812,"date":"2022-04-26T10:11:46","date_gmt":"2022-04-26T07:11:46","guid":{"rendered":"https:\/\/demo2.kuzu-grup.com\/?page_id=9812"},"modified":"2025-02-13T12:04:29","modified_gmt":"2025-02-13T09:04:29","slug":"belgelerimiz","status":"publish","type":"page","link":"https:\/\/www.salinox.com.tr\/?page_id=9812","title":{"rendered":"BELGELER\u0130M\u0130Z"},"content":{"rendered":"<p>[vc_row][vc_column][vc_custom_heading text=&#8221;BELGELER\u0130M\u0130Z VE SERT\u0130F\u0130KALARIMIZ&#8221; font_container=&#8221;tag:h2|text_align:center&#8221;][\/vc_column][\/vc_row][vc_row][vc_column width=&#8221;1\/4&#8243;][vc_single_image image=&#8221;10002&#8243; img_size=&#8221;large&#8221; alignment=&#8221;center&#8221; onclick=&#8221;link_image&#8221;][vc_custom_heading text=&#8221;H\u0130ZMET YETERL\u0130L\u0130K<br \/>\nBELGES\u0130&#8221; font_container=&#8221;tag:h5|text_align:center&#8221;][\/vc_column][vc_column width=&#8221;1\/4&#8243;][vc_single_image image=&#8221;10000&#8243; img_size=&#8221;large&#8221; alignment=&#8221;center&#8221; onclick=&#8221;link_image&#8221;][vc_custom_heading text=&#8221;TSE<br \/>\nYANGIN KAPISI&#8221; font_container=&#8221;tag:h5|text_align:center&#8221;][\/vc_column][vc_column width=&#8221;1\/4&#8243;][vc_single_image image=&#8221;10001&#8243; img_size=&#8221;large&#8221; alignment=&#8221;center&#8221; onclick=&#8221;link_image&#8221;][vc_custom_heading text=&#8221;TSE<br \/>\nUYGUNLUK&#8221; font_container=&#8221;tag:h5|text_align:center&#8221;][\/vc_column][\/vc_row]<\/p>\n","protected":false},"excerpt":{"rendered":"<p>[vc_row][vc_column][vc_custom_heading text=&#8221;BELGELER\u0130M\u0130Z VE SERT\u0130F\u0130KALARIMIZ&#8221; font_container=&#8221;tag:h2|text_align:center&#8221;][\/vc_column][\/vc_row][vc_row][vc_column width=&#8221;1\/4&#8243;][vc_single_image image=&#8221;10002&#8243; img_size=&#8221;large&#8221; alignment=&#8221;center&#8221; onclick=&#8221;link_image&#8221;][vc_custom_heading text=&#8221;H\u0130ZMET YETERL\u0130L\u0130K BELGES\u0130&#8221; font_container=&#8221;tag:h5|text_align:center&#8221;][\/vc_column][vc_column width=&#8221;1\/4&#8243;][vc_single_image image=&#8221;10000&#8243; img_size=&#8221;large&#8221; alignment=&#8221;center&#8221; onclick=&#8221;link_image&#8221;][vc_custom_heading text=&#8221;TSE YANGIN KAPISI&#8221; font_container=&#8221;tag:h5|text_align:center&#8221;][\/vc_column][vc_column width=&#8221;1\/4&#8243;][vc_single_image image=&#8221;10001&#8243; img_size=&#8221;large&#8221; alignment=&#8221;center&#8221; onclick=&#8221;link_image&#8221;][vc_custom_heading text=&#8221;TSE UYGUNLUK&#8221; font_container=&#8221;tag:h5|text_align:center&#8221;][\/vc_column][\/vc_row]<\/p>\n","protected":false},"author":1,"featured_media":0,"parent":0,"menu_order":0,"comment_status":"closed","ping_status":"closed","template":"","meta":[],"_links":{"self":[{"href":"https:\/\/www.salinox.com.tr\/index.php?rest_route=\/wp\/v2\/pages\/9812"}],"collection":[{"href":"https:\/\/www.salinox.com.tr\/index.php?rest_route=\/wp\/v2\/pages"}],"about":[{"href":"https:\/\/www.salinox.com.tr\/index.php?rest_route=\/wp\/v2\/types\/page"}],"author":[{"embeddable":true,"href":"https:\/\/www.salinox.com.tr\/index.php?rest_route=\/wp\/v2\/users\/1"}],"replies":[{"embeddable":true,"href":"https:\/\/www.salinox.com.tr\/index.php?rest_route=%2Fwp%2Fv2%2Fcomments&post=9812"}],"version-history":[{"count":8,"href":"https:\/\/www.salinox.com.tr\/index.php?rest_route=\/wp\/v2\/pages\/9812\/revisions"}],"predecessor-version":[{"id":10004,"href":"https:\/\/www.salinox.com.tr\/index.php?rest_route=\/wp\/v2\/pages\/9812\/revisions\/10004"}],"wp:attachment":[{"href":"https:\/\/www.salinox.com.tr\/index.php?rest_route=%2Fwp%2Fv2%2Fmedia&parent=9812"}],"curies":[{"name":"wp","href":"https:\/\/api.w.org\/{rel}","templated":true}]}}