{"id":9831,"date":"2022-04-26T11:09:53","date_gmt":"2022-04-26T08:09:53","guid":{"rendered":"https:\/\/demo2.kuzu-grup.com\/?page_id=9831"},"modified":"2025-02-13T11:11:54","modified_gmt":"2025-02-13T08:11:54","slug":"cerez-politikasi","status":"publish","type":"page","link":"https:\/\/www.salinox.com.tr\/?page_id=9831","title":{"rendered":"\u00c7EREZ POL\u0130T\u0130KASI"},"content":{"rendered":"<p>[vc_row][vc_column][vc_column_text]<\/p>\n<header class=\"rey-pageHeader\">\n<h1 class=\"rey-pageTitle entry-title\">\u00c7erez Politikas\u0131<\/h1>\n<\/header>\n<article id=\"page-19\" class=\"post-19 page type-page status-publish hentry\">\n<div class=\"rey-pageContent\">\n<div class=\"elementor elementor-19\" data-elementor-type=\"wp-page\" data-elementor-id=\"19\" data-elementor-settings=\"[]\">\n<div class=\"elementor-section-wrap\">\n<section class=\"elementor-section elementor-top-section elementor-element elementor-element-66225fdb elementor-section-boxed elementor-section-gap-default elementor-section-height-default elementor-section-height-default\" data-id=\"66225fdb\" data-element_type=\"section\">\n<div class=\"elementor-container elementor-column-gap-default\">\n<div class=\"elementor-column elementor-col-100 elementor-top-column elementor-element elementor-element-1e705c38\" data-id=\"1e705c38\" data-element_type=\"column\">\n<div class=\"elementor-column-wrap--1e705c38 elementor-widget-wrap elementor-element-populated\">\n<div class=\"elementor-element elementor-element-54c0941a u-links-anim-ul elementor-widget elementor-widget-text-editor\" data-id=\"54c0941a\" data-element_type=\"widget\" data-widget_type=\"text-editor.default\">\n<div class=\"elementor-widget-container\">\n<p>Salinox \u00e7elik kap\u0131 mobilya g\u0131da sanayi ve ticaret limited \u015firketi olarak internet sitelerimizden en verimli \u015fekilde faydalanabilmeniz ve kullan\u0131c\u0131 deneyiminizi geli\u015ftirebilmek i\u00e7in \u00e7erezler kullanmaktay\u0131z. \u00c7erez kullan\u0131lmas\u0131n\u0131 tercih etmezseniz taray\u0131c\u0131n\u0131z\u0131n ayarlar\u0131ndan veya a\u015fa\u011f\u0131daki detayl\u0131 \u00e7erez kald\u0131r\u0131m a\u00e7\u0131klamas\u0131ndan \u00e7erezleri silebilir ya da engelleyebilirsiniz. Ancak bunun internet sitelerimizin kullan\u0131m\u0131n\u0131z\u0131 etkileyebilece\u011fini hat\u0131rlatmak isteriz. Taray\u0131c\u0131n\u0131zdan \u00e7erez ayarlar\u0131n\u0131z\u0131 de\u011fi\u015ftirmedi\u011finiz s\u00fcrece internet sitelerimizde \u00e7erez kullan\u0131m\u0131n\u0131 kabul etti\u011finizi varsayaca\u011f\u0131z. Toplanan verilerle ilgili d\u00fczenlemelere internet sitelerimizde yer alan <u>KVKK Ayd\u0131nlatma Metninden<\/u>\u00a0ula\u015fabilirsiniz.<\/p>\n<p>\u00c7erezlerimiz, internet sitelerimizi kullanman\u0131z s\u0131ras\u0131nda size ki\u015fiselle\u015ftirilmi\u015f bir deneyim sunmak, hizmetlerimizi geli\u015ftirmek ve deneyiminizi iyile\u015ftirmek i\u00e7in kullan\u0131l\u0131r. \u00c7erezler \u00fc\u00e7 \u00e7e\u015fittir:<\/p>\n<p><strong>Oturum \u00e7erezleri:\u00a0<\/strong>Ge\u00e7ici \u00e7erezlerdir, taray\u0131c\u0131n\u0131z\u0131 kapatt\u0131\u011f\u0131n\u0131zda silinirler, yani kal\u0131c\u0131 de\u011fillerdir. Sitelerimizin ve sizin, ziyaretinizde g\u00fcvenli\u011fini, s\u00fcreklili\u011fini sa\u011flamak gibi ama\u00e7larla kullan\u0131l\u0131rlar.<\/p>\n<p><strong>Kal\u0131c\u0131 \u00e7erezler:<\/strong>\u00a0Sizin bir hareketinizle ya da \u00e7erezin i\u00e7erisindeki s\u00fcre aral\u0131\u011f\u0131 sona erene kadar taray\u0131c\u0131n\u0131z\u0131n alt klas\u00f6rlerinde tutulurlar. Bu \u00e7erezler sizin bilgilerinizi ve se\u00e7imlerinizi bir sonraki ziyaretinizde internet sitemizin hat\u0131rlamas\u0131na yard\u0131mc\u0131 olurlar.<\/p>\n<p><strong>Birinci ve \u00fc\u00e7\u00fcnc\u00fc ki\u015fi \u00e7erezler:<\/strong>\u00a0Birinci ki\u015fi \u00e7erezler sitemiz taraf\u0131ndan kullan\u0131lan \u00e7erezlerdir. \u00dc\u00e7\u00fcnc\u00fc ki\u015fi \u00e7erezler ise sitemiz haricinde bilgisayar\u0131n\u0131za kurulan \u00e7erezlerdir.<\/p>\n<p><strong>Zorunlu \u00e7erezler:<\/strong> www.salinox.com.tr internet sitelerinin d\u00fczg\u00fcn \u015fekilde \u00e7al\u0131\u015fabilmesi i\u00e7in, \u00f6zelliklerinin d\u00fczg\u00fcn \u015fekilde sunulabilmesi amac\u0131yla kurulan anonim nitelikte \u00e7erezlerdir.<\/p>\n<p><strong>\u0130\u015flevsel ve analitik \u00e7erezler:<\/strong>\u00a0Tercihlerinizin hat\u0131rlanmas\u0131 ve gezinme deneyiminizi geli\u015ftirmemize yarayan i\u015flevsel \u00e7erezler ve hangi sayfalar\u0131m\u0131z\u0131n daha fazla ilgi \u00e7ekti\u011fini, hangi kaynaklar\u0131n daha \u00e7ok g\u00f6r\u00fcnt\u00fclendi\u011fini g\u00f6rmemize yarayan, sitelerimizdeki trafi\u011fi g\u00f6rerek bu trafi\u011fe uygun hizmet sa\u011flamam\u0131z\u0131 sa\u011flayan analitik \u00e7erezler kullan\u0131lmaktad\u0131r. Bu nitelikte \u00e7erezler de anonimdir.<\/p>\n<p>Salinox \u00e7elik kap\u0131 mobilya g\u0131da sanayi ve ticaret limited \u015firketi\u2019nin, internet sitesi ve\/veya sitelerinde veya mobil web de oturum \u00e7erezleri, zorunlu \u00e7erezler, kal\u0131c\u0131 \u00e7erezler ile i\u015flevsel ve analitik \u00e7erezleri kullanmaktad\u0131r.<\/p>\n<p><strong>Sitelerimizin kulland\u0131\u011f\u0131 zorunlu ve birinci parti olanlar haricinde kullan\u0131lan \u00e7erezler \u015funlard\u0131r:<\/strong><\/p>\n<p><strong>Google:<\/strong>\u00a0Kullan\u0131c\u0131lar\u0131n internet sitesini nas\u0131l kulland\u0131\u011f\u0131n\u0131 analiz eden bir web analiz arac\u0131d\u0131r. Anonim olan bilgilerin yan\u0131 s\u0131ra internet sitesini kullanman\u0131zla ilgili ki\u015fisel veri niteli\u011findeki bilgiler (\u0130sim, adres, e-mail adresi, IP adresi) taray\u0131c\u0131n\u0131z taraf\u0131ndan Google\u2019a g\u00f6nderilir ve Google taraf\u0131ndan i\u015flenir.<\/p>\n<p><strong>Tawk:\u00a0<\/strong>\u0130nternet sitesi \u00fczerinde canl\u0131 sohbet hizmetinin \u00e7al\u0131\u015fmas\u0131n\u0131 sa\u011flayan bir \u00e7erezdir. Anonim olan bilgilerin yan\u0131 s\u0131ra internet sitesini kullanman\u0131zla ilgili ki\u015fisel veri niteli\u011finde bilgiler (\u0130sim, adres, e-mail adresi) taray\u0131c\u0131n\u0131z taraf\u0131ndan Tawk\u2019a g\u00f6nderilir ve Tawk taraf\u0131ndan i\u015flenir.<\/p>\n<p>Kullan\u0131c\u0131 internet taray\u0131c\u0131lar\u0131n\u0131n \u201cyard\u0131m\u201d dosyas\u0131nda verilen talimatlar\u0131 izleyerek veya \u201d\u00a0<a href=\"http:\/\/www.allaboutcookies.org\/\">www.allaboutcookies.org\u00a0<\/a>\u201d veya \u201c<a href=\"http:\/\/www.youronlinechoices.eu\/\">www.youronlinechoices.eu\u00a0<\/a>\u201d adresini ziyaret ederek kal\u0131c\u0131 \u00e7erezleri kald\u0131rabilir ve hem oturum \u00e7erezlerini hem de kal\u0131c\u0131 \u00e7erezleri reddedebilir. Kullan\u0131c\u0131 kal\u0131c\u0131 \u00e7erezleri veya oturum \u00e7erezlerini reddetmesi halinde, s\u00f6z konusu web sitesini, veya mobil webi kullanmaya devam edebilir, fakat s\u00f6z konusu mecralar\u0131n t\u00fcm i\u015flevlerine eri\u015femeyebilir veya eri\u015fimi s\u0131n\u0131rl\u0131 olabilir.<\/p>\n<p><strong>\u00c7erezler nas\u0131l silinir?<\/strong><\/p>\n<p>\u00c7erezlerin \u00e7o\u011funun silinmesi kolayd\u0131r. Sadece taray\u0131c\u0131n\u0131z\u0131 se\u00e7in ve talimatlar\u0131 izleyin.<\/p>\n<p><strong>Chrome<\/strong><\/p>\n<ol>\n<li>Klavyenizde Ctrl + Shift + Delete tu\u015flar\u0131na bas\u0131n.<\/li>\n<li>Bir zaman aral\u0131\u011f\u0131 se\u00e7in.<\/li>\n<li>\u2018\u00c7erezler ve di\u011fer site verileri\u2019 onay kutusunu se\u00e7in.<\/li>\n<li>\u201cVerileri temizle\u201d d\u00fc\u011fmesini t\u0131klay\u0131n.<\/li>\n<\/ol>\n<p><strong>Fire fox<\/strong><\/p>\n<ol>\n<li>Klavyenizde Ctrl + Shift + Delete tu\u015flar\u0131na bas\u0131n.<\/li>\n<li>Temizlenecek bir zaman aral\u0131\u011f\u0131 se\u00e7in.<\/li>\n<li>\u2018\u00c7erezler\u2019 onay kutusunu se\u00e7in.<\/li>\n<li>\u201c\u015eimdi temizle\u201d d\u00fc\u011fmesini t\u0131klay\u0131n.<\/li>\n<\/ol>\n<p><strong>Safari<\/strong><\/p>\n<ol>\n<li>Safari men\u00fcs\u00fcnden Tercihler\u2019 i se\u00e7in.<\/li>\n<li>Gizlilik sekmesine gidin.<\/li>\n<li>\u2018Web sitesi verilerini y\u00f6net\u2019 i t\u0131klay\u0131n.<\/li>\n<li>\u2018T\u00fcm\u00fcn\u00fc Kald\u0131r\u2019 \u0131 t\u0131klay\u0131n.<\/li>\n<\/ol>\n<p>Edge<\/p>\n<ol>\n<li>Klavyenizde Ctrl + Shift + Delete tu\u015flar\u0131na bas\u0131n.<\/li>\n<li>\u2018\u00c7erezler ve kaydedilmi\u015f web sitesi verileri\u2019 onay kutusunu se\u00e7in.<\/li>\n<li>\u201cTemizle\u201d d\u00fc\u011fmesini t\u0131klay\u0131n.<\/li>\n<\/ol>\n<p><strong>Internet Explorer<\/strong><\/p>\n<ol>\n<li>Klavyenizde Ctrl + Shift + Delete tu\u015flar\u0131na bas\u0131n.<\/li>\n<li>\u2018\u00c7erezler ve web sitesi verileri\u2019 onay kutusunu se\u00e7in.<\/li>\n<li>\u201cSil\u201d d\u00fc\u011fmesini t\u0131klay\u0131n.<\/li>\n<\/ol>\n<\/div>\n<\/div>\n<\/div>\n<\/div>\n<\/div>\n<\/section>\n<\/div>\n<\/div>\n<\/div>\n<\/article>\n<p>[\/vc_column_text][\/vc_column][\/vc_row]<\/p>\n","protected":false},"excerpt":{"rendered":"<p>[vc_row][vc_column][vc_column_text] \u00c7erez Politikas\u0131 Salinox \u00e7elik kap\u0131 mobilya g\u0131da sanayi ve ticaret limited \u015firketi olarak internet sitelerimizden en verimli \u015fekilde faydalanabilmeniz ve kullan\u0131c\u0131 deneyiminizi geli\u015ftirebilmek i\u00e7in \u00e7erezler kullanmaktay\u0131z. \u00c7erez kullan\u0131lmas\u0131n\u0131 tercih etmezseniz taray\u0131c\u0131n\u0131z\u0131n ayarlar\u0131ndan veya a\u015fa\u011f\u0131daki detayl\u0131 \u00e7erez kald\u0131r\u0131m a\u00e7\u0131klamas\u0131ndan \u00e7erezleri silebilir ya da engelleyebilirsiniz. Ancak bunun internet sitelerimizin kullan\u0131m\u0131n\u0131z\u0131 etkileyebilece\u011fini hat\u0131rlatmak isteriz. Taray\u0131c\u0131n\u0131zdan \u00e7erez ayarlar\u0131n\u0131z\u0131 de\u011fi\u015ftirmedi\u011finiz s\u00fcrece internet sitelerimizde \u00e7erez kullan\u0131m\u0131n\u0131 kabul etti\u011finizi varsayaca\u011f\u0131z. Toplanan verilerle ilgili d\u00fczenlemelere internet sitelerimizde yer alan KVKK Ayd\u0131nlatma Metninden\u00a0ula\u015fabilirsiniz. \u00c7erezlerimiz, internet sitelerimizi kullanman\u0131z s\u0131ras\u0131nda size ki\u015fiselle\u015ftirilmi\u015f bir deneyim sunmak, hizmetlerimizi geli\u015ftirmek ve deneyiminizi iyile\u015ftirmek i\u00e7in kullan\u0131l\u0131r. \u00c7erezler \u00fc\u00e7 \u00e7e\u015fittir: Oturum \u00e7erezleri:\u00a0Ge\u00e7ici \u00e7erezlerdir, taray\u0131c\u0131n\u0131z\u0131 kapatt\u0131\u011f\u0131n\u0131zda silinirler, yani kal\u0131c\u0131 de\u011fillerdir. Sitelerimizin ve sizin, ziyaretinizde g\u00fcvenli\u011fini, s\u00fcreklili\u011fini sa\u011flamak gibi ama\u00e7larla kullan\u0131l\u0131rlar. Kal\u0131c\u0131 \u00e7erezler:\u00a0Sizin bir hareketinizle ya da [&hellip;]<\/p>\n","protected":false},"author":1,"featured_media":0,"parent":0,"menu_order":0,"comment_status":"closed","ping_status":"closed","template":"","meta":[],"_links":{"self":[{"href":"https:\/\/www.salinox.com.tr\/index.php?rest_route=\/wp\/v2\/pages\/9831"}],"collection":[{"href":"https:\/\/www.salinox.com.tr\/index.php?rest_route=\/wp\/v2\/pages"}],"about":[{"href":"https:\/\/www.salinox.com.tr\/index.php?rest_route=\/wp\/v2\/types\/page"}],"author":[{"embeddable":true,"href":"https:\/\/www.salinox.com.tr\/index.php?rest_route=\/wp\/v2\/users\/1"}],"replies":[{"embeddable":true,"href":"https:\/\/www.salinox.com.tr\/index.php?rest_route=%2Fwp%2Fv2%2Fcomments&post=9831"}],"version-history":[{"count":5,"href":"https:\/\/www.salinox.com.tr\/index.php?rest_route=\/wp\/v2\/pages\/9831\/revisions"}],"predecessor-version":[{"id":9989,"href":"https:\/\/www.salinox.com.tr\/index.php?rest_route=\/wp\/v2\/pages\/9831\/revisions\/9989"}],"wp:attachment":[{"href":"https:\/\/www.salinox.com.tr\/index.php?rest_route=%2Fwp%2Fv2%2Fmedia&parent=9831"}],"curies":[{"name":"wp","href":"https:\/\/api.w.org\/{rel}","templated":true}]}}